 Let c(k) = 4*k - 16. Let d(x) = -c(x) + 3*y(x). Let t(q) = -13. Let o(l) = 7*d(l) + 4*t(l). Calculate o(-4).
25
Suppose -382*q = -272*q - 110. Let t(x) = 15*x**2 - 8*x + 8. Calculate t(q).
15
Suppose 4*v + 4*k = -16, -4*v = 5*k + 15 - 2. Suppose 3*y + 2 = s - 3, -5*y + 37 = 4*s. Let u(l) = 10*l - 5*l - 3*l - s*l - l**2. Give u(v).
-7
Let t = 488/5 + -2893/30. Let c(m) be the third derivative of -m**2 + 33*m + t*m**3 + 0 - 1/8*m**4. Give c(4).
-5
Let r(k) = 583*k - 4078. Let x be r(7). Let n(y) = y**2 + 2 + 0*y**2 - 4*y + 0. Give n(x).
-1
Let z(c) be the second derivative of c**3/2 - 9*c**2/2 - 4*c + 19. Let q be z(5). Let b(r) = r**2 - 6*r + 1. Give b(q).
1
Let m be (4/3)/((-165)/495). Let z(l) = -l**2 + 11*l + 60. Calculate z(m).
0
Let q(f) = -5*f**3 + 80*f**2 + 16. Let u be ((-16)/(-14))/(-22 + 2781/126). Determine q(u).
16
Let p(h) = 2*h**2 - 75*h + 27. Let k(w) = w**2 - 33*w + 13. Let a(r) = -11*k(r) + 5*p(r). Let f be -10 + 0*2/(-4). Give a(f).
12
Let b(v) = -v + 45. Let y be b(27). Let i be 6*((-4)/(-8))/((-9)/y). Let w(f) = 2 + f**3 + 2*f + 2 - 7*f + 5*f**2. Calculate w(i).
-2
Let s be 825/9 + -1 + (-8)/(-24). Let l = -73 + s. Let a = 14 - l. Let i(h) = h**2 + 2*h + 5. Calculate i(a).
13
Suppose -5*t + 79 = v - 0*v, 2*t + 2*v - 38 = 0. Suppose 0 = -36*s + 378 + 342. Suppose 20*x = t*x - s. Let l(c) = -c**2 - 4*c + 4. Give l(x).
4
Let s(v) = -v**3 + 6*v**2 - 8*v. Let g be s(4). Suppose g = n + 84 - 77. Let i(t) = -t**2 - 4*t + 2. Determine i(n).
-19
Suppose 0 = j - l - 4, -51*j + 5*l + 16 = -48*j. Let x(d) = 4*d**2 - 4*d + 0 + 0*d**2 + 2. Let z be x(j). Let u(s) = -s + 8. Give u(z).
-2
Let x(p) = -p**2 - 30*p**3 - 26 + 29*p**3 + 13*p**2 - 8*p - 7 - 1. Determine x(11).
-1
Suppose 3*i = 4*g - 12, 22*g - 17*g = 5*i + 15. Let f(y) = 2*y + i - 138*y**2 + 68*y**2 + 71*y**2 - 4. Give f(-6).
20
Suppose -2*v - 3*i + 3 = -2, -2*i - 41 = -5*v. Let o(m) = -350*m - 35. Let f(g) = 389*g + 38. Let s(u) = -9*f(u) - 10*o(u). Give s(v).
1
Suppose -5*d = -x - 22, 22 = 4*d - 4*x - 2. Suppose 70 = d*q + 6. Let z be (-2)/(-8) + (44/q - -1). Let t(y) = y - 2. Determine t(z).
2
Let t(d) = -d**2 - 6*d - 3. Suppose 0 = 13*v - 42 - 166. Suppose 5*q + 0*h = -2*h - v, 0 = 5*q + 3*h + 14. What is t(q)?
5
Let a(v) be the third derivative of -19*v**5/60 - v**4/12 - v**3/6 - 5*v**2 - 64*v + 5. Let r be 1 + 3/(-1) + 1. Calculate a(r).
-18
Let s(y) be the first derivative of -7*y**2 - 37*y - 2044. Determine s(-3).
5
Let l(t) be the first derivative of 9*t**2/2 + 20*t - 6191. Calculate l(4).
56
Let o(l) = 5*l**2 - 4*l - 2. Let n be -1 + 1/2 + 42/(-84). Let r(q) = q**2 - q. Let t(s) = n*o(s) + 3*r(s). Calculate t(-1).
-1
Let r = -158/5 + 1901/60. Let o(h) be the third derivative of -1/120*h**6 + 0*h + 1/2*h**3 - 5*h**2 + 3/8*h**4 - r*h**5 + 0. Give o(-6).
-15
Let m(o) = -4*o**2 - 21*o - 7. Suppose 4*z + 30 = 5*q + 38, -q + 8 = -4*z. Give m(q).
13
Let p(f) = -2*f - 11. Suppose 0 = 3*z + 2*z - u + 5, 0 = z + 3*u + 17. Let v = -6 + z. Calculate p(v).
5
Let s be (-1 + (1 + 2 - 2))/(-1). Suppose -6*b + 28 + 14 = s. Let k(c) = -c - 1. Give k(b).
-8
Suppose -6*d = -31*d + 575. Suppose 3*n + 20 = d*n. Let z(r) = 2*r**3 + r**2 - 2*r + 2. What is z(n)?
3
Let g be (30/10 + (-107 - 1))*1. Let f = g + 109. Let a(h) = 4*h - 6. Give a(f).
10
Suppose -5 = -2*r - 4*u - 19, -r + 3*u = -18. Suppose 4*d = 8, 3*d - 13 = -r*y - 1. Suppose y*f - 9 + 19 = 0. Let i(t) = -3*t - 7. What is i(f)?
8
Let l(g) = 885*g - 1773*g + 884*g - g**2 + 12. What is l(-6)?
0
Let t be (75/30)/(3/6). Suppose 2 + 53 = -t*s. Let r(q) = q**3 + 11*q**2 - 2*q - 2. Calculate r(s).
20
Let y(m) = -22*m + 96. Let d(z) = -3*z**2 - 24*z + 32. Let w be d(-9). Determine y(w).
-14
Let p be ((0 - 1)*3/(-6))/((-2)/(-44)). Let y(w) = w**2 - 8*w - 37. What is y(p)?
-4
Let c(o) = -o**3 + 5*o**2 + o - 3. Let m(n) be the third derivative of -3*n**4/8 - n**3/2 - 8*n**2. Let y be m(-2). Suppose -2*r + 5*r = y. Give c(r).
2
Let d(r) = 7*r**2 - 10*r + 14. Let a be d(2). Suppose -a = -8*k - 6. Let l(x) = 2*x - 4 + k - 2*x - x. Calculate l(-3).
1
Let c(s) be the first derivative of 15*s**2/2 - 123*s + 5260. Calculate c(8).
-3
Let l(k) be the third derivative of -k**6/60 - k**5/60 - k**4/6 - k**3/2 - 5*k**2 + 44*k - 2. Determine l(-2).
17
Let q(a) = a + 12. Suppose -15*k = 3*o - 13*k + 32, 0 = 3*o + 5*k + 44. Calculate q(o).
4
Let d = 10720 + -10727. Suppose 0 = 5*x - 5*a, 0*a + 5*a - 4 = 3*x. Let j(f) = 0*f**3 + 6*f**x + f**3 - 10*f - 15 + 5. What is j(d)?
11
Let d be -4*((-344)/(-64) + -3) + 3/2. Let i(u) = 2*u**2 - 13*u - 14. Let v(j) = j**2 - 12*j - 13. Let x(h) = -2*i(h) + 3*v(h). Give x(d).
5
Let l(p) = -3*p + 216 + 0*p + 240 - 521. Calculate l(-15).
-20
Let o(p) = -159*p + p**2 - 1 + 54*p + 62*p + 50*p. What is o(-7)?
-1
Suppose 244 - 64 = 314*n - 296*n. Let a(o) be the first derivative of o**2 - 7*o + 1. Calculate a(n).
13
Suppose -3*l - 427*c = -422*c + 24, 5*c + 26 = -2*l. Let k(q) be the second derivative of -q**5/20 - q**3/3 + q**2/2 - q. Give k(l).
-11
Let d(o) be the first derivative of -o**4/4 - 2*o**3 + 4*o**2 + 50*o - 340. Determine d(-6).
2
Let q(i) = -935*i - 7480. Let n be q(-8). Let u(x) = 2*x + 6 + 0*x - 3*x + 0*x**2 - x**2. Calculate u(n).
6
Let f be -9*14/(14/15). Let s be (1 - (-1)/(-5)) + (-432)/f. Let z(r) = r**2 - 5. What is z(s)?
11
Let w(j) be the second derivative of -j**5/120 - j**4/3 - 14*j**3 + 106*j. Let m(p) be the second derivative of w(p). What is m(-7)?
-1
Let t(p) = -p**2 - 5*p - 6. Let w be 61 - (-2 + 0 + -2). Let x = -114 + w. Let h = x - -44. Calculate t(h).
-6
Let y(r) = -4*r**2 + 10. Let c(v) = v**3 + 29*v**2 + 52*v - 59. Let o be c(-27). Determine y(o).
-90
Let m = -2 - -13. Let i(r) be the first derivative of r**2/2 - 3*r + 58. Give i(m).
8
Let l(u) = -u**2 - 56*u - 766. Let n be l(-32). Let v(j) be the first derivative of 1/3*j**3 + 10*j + 14 + 5*j**n. What is v(-8)?
-6
Let k(t) = 9*t**2 - 41*t**2 + 13*t**2 + 75 + 8*t**2 - 3*t + 10*t**2. Determine k(-9).
21
Let f(q) = 2 + 3*q - 2*q - 1 - 17*q**3. Suppose -162*k = -173*k - 1705. Let v = k + 154. What is f(v)?
17
Let a(o) = 3*o**3 + o**2 + o + 1. Let p(r) be the first derivative of r**4 + r**3 + 2*r - 32. Let u(i) = 3*a(i) - 2*p(i). Give u(2).
1
Let q(j) = j**3 - 10*j**2 - 9*j - 7. Let l(x) = 2*x**2 - 51*x - 259. Let h be l(30). Give q(h).
15
Let t(p) = -2*p**2 + 13*p - 7. Let m be 2 + -13 + (10 - (12 + -9)) + 8. Calculate t(m).
13
Let h be -17 + (-70)/(-14) + 42. Let r(l) = -l**2 + 35*l - 141. Determine r(h).
9
Let h(g) = 9*g - g**2 - 1 + 18 - 4 - 1. Suppose -q + 18 = q. Give h(q).
12
Let s be 418/57*18/(-33). Let t(a) = a**2 + 6*a - 3. Give t(s).
-11
Let j(l) = -7*l - 163. Let h(z) = -30*z - 741. Let y(w) = -2*h(w) + 9*j(w). Let f(k) = k**2 + 7. Let i be f(0). Calculate y(i).
-6
Let j(v) be the third derivative of -v**7/560 + v**6/720 - v**5/30 + v**4/3 - 7*v**2 + v. Let t(f) be the third derivative of j(f). What is t(2)?
-17
Suppose 3*t + g = 6*t + 4, t + 23 = -4*g. Let j(b) = -2*b**3 - 2*b**2 + 12*b + 2. Give j(t).
2
Suppose -513*x = 364*x + 5262. Let o(v) be the second derivative of -v**4/12 - 5*v**3/6 + 5*v**2 + 3*v. What is o(x)?
4
Let t(k) = -k - 3. Let a(r) = 5*r - 99. Let g be a(21). Suppose -9*v - 21 = -12*v - 2*w, 2*w - g = 0. Calculate t(v).
-8
Let u(h) be the first derivative of -h**3/3 + 27*h**2 - 11*h + 4612. Determine u(54).
-11
Suppose -9 = 8*t - 9. Suppose t = 15*m - 16*m + 9. Let h(v) = v**3 - 10*v**2 + 10*v - 5. What is h(m)?
4
Suppose 3*g + 4*p + 1951 = 1871, 5 = -p. Let x(a) = 3*a + 47. Give x(g).
-13
Let f(v) be the third derivative of -2*v**6/15 - v**5/60 + v**4/8 + v**3/2 + 846*v**2. Give f(-1).
15
Let f(i) = -2*i**2 + i + 3. Let d(g) = -g**2 + g. Let h(u) = -u**2 + 4. Let m(s) = 2*d(s) + h(s). Let w(b) = -4*f(b) + 3*m(b). Calculate w(1).
1
Suppose -2*q = -5*l + 91, -3*q - 2*q = 3*l - 67. Suppose -5*j + 112 = -l*j. Let m(g) = -g**3 - 8*g**2 + 2*g - 7. Determine m(j).
-23
Let v(u) be the second derivative of 96*u + 2 + 1/20*u**5 - 1/2*u**3 + 3/2*u**2 - 1/2*u**4. Give v(6).
-15
Let q(a) be the third derivative of -1/12*a**4 + 0 + 0*a + 13/6*a**3 - 98*a**2. Suppose -2*l = -3*l + 10. What is q(l)?
-7
Let i(u) = 13*u**2 - 43*u + 44. Let n(v) = -5*v**2 + 16*v - 21. Let l(h) = 2*i(h) + 5*n(h). What is l(0)?
-17
Let n be (-7)